 divisor of 144 and h?
9
Let l be 0/(4*(-4)/8). Suppose 2*s - 7 - 7 = l. What is the highest common divisor of s and 28?
7
Suppose -4*h + 124 = 5*j, -4*j - 6*h + 92 = -h. Calculate the greatest common factor of j and 4.
4
Let s be ((-48)/9)/(6/(-81)). Calculate the greatest common factor of s and 18.
18
Suppose g + g - 7 = 5*i, i - 53 = -3*g. What is the greatest common factor of g and 4?
4
Let y be 8/(-20) - (-306)/15. What is the greatest common factor of y and 10?
10
Let k = -48 + 282. What is the greatest common factor of k and 26?
26
Let c(x) = 3*x + 6. Let h be c(8). Let a(s) = -2*s + 4. Let k be a(0). Let b = k + 2. Calculate the greatest common factor of h and b.
6
Let w = 213 + -6. Calculate the highest common divisor of w and 23.
23
Let y be (-3)/(-5) - 3267/(-55). Suppose 24 = h - 0*h. What is the greatest common factor of y and h?
12
Let n be 0 + (13 - 0)*1/1. What is the highest common divisor of 117 and n?
13
Let h be (-2)/(15/(-13) - -1). Suppose -10*g - 514 + 1684 = 0. What is the highest common divisor of h and g?
13
Suppose -f - 3*p = -3*f + 31, -f - 4 = 5*p. Let w = f - 24. Let b = w - -19. Calculate the greatest common factor of b and 6.
6
Suppose -q - r = -66, -3*q + 362 = 2*q - 3*r. What is the greatest common divisor of q and 14?
14
Let r(i) = -i**3 + 8*i**2 - 4*i - 8. Let z be r(6). Let x(h) = h**3 - 5*h**2 + 2*h + 6. Let b be x(5). Calculate the highest common factor of b and z.
8
Let u = 19 - 9. Suppose 267 = 12*a - 213. Calculate the greatest common divisor of u and a.
10
Let o = -25 - -33. Calculate the greatest common factor of 40 and o.
8
Let r(o) = 6*o - o**3 + 5 + 14*o**2 + 5*o + 6*o. Let l be r(15). Calculate the greatest common divisor of l and 5.
5
Let z(l) = l**2 - 24*l - 22. Let n be z(26). What is the highest common factor of 90 and n?
30
Let b be ((-45)/10 - -6) + 31/2. What is the highest common divisor of b and 34?
17
Let q(z) = 2*z + 10*z**2 + 3*z - 5*z - 2*z. Let j be q(2). Suppose 0 = -5*p - 3*t + 29, -p = -2*t + 5 - 3. What is the highest common factor of j and p?
4
Suppose 4 - 2 = -2*x, -4*j = x - 439. Calculate the highest common factor of j and 10.
10
Suppose 2*h - 6 + 4 = 0. Let v be h/3 - 15/(-9). What is the highest common divisor of v and 14?
2
Suppose j - 3*j = -4. Suppose -2*z = -z - 1, -j*v = -2*z - 2. Let i be (v + -5)*33/(-9). Calculate the highest common divisor of i and 99.
11
Let t(j) = 38*j**2. Let f be t(1). What is the highest common factor of 57 and f?
19
Suppose -2*a = 5*x - 5, -2*x - 1 - 5 = 0. Let t(u) = u**2 - 6*u - 4. Let q be t(7). Suppose -q*s + 0*s + 60 = 0. What is the highest common factor of s and a?
10
Suppose 5*b = -w + 29, 2*w = -3 + 11. Suppose s - 2*s = -b. Suppose -s*j = -36 - 29. What is the greatest common divisor of j and 52?
13
Suppose 5*j - 57 - 43 = 0. Suppose -20*b = -15*b - 800. What is the highest common factor of b and j?
20
Let s = 114 + -79. Suppose s + 0 = 5*y - 5*o, 4*o + 36 = 5*y. What is the highest common factor of y and 4?
4
Suppose 5*z + 2*l = 40, -5*z + 28 = 3*l - 7. Let k(x) = x**2 - 13*x + 4*x + 0*x**2 - 2. Let m be k(z). What is the highest common divisor of m and 4?
4
Suppose -q + o + 18 = 0, -2*q + 3*o + 36 = -4. Let z = q - 5. What is the highest common divisor of 72 and z?
9
Let o(v) = -v - 4. Let k be o(-10). Calculate the highest common divisor of 1 and k.
1
Let i(z) = 2*z + 6. Let k be i(5). Let x(g) be the second derivative of -13*g**3/3 + g**2 + 3*g. Let c be x(-3). What is the highest common factor of c and k?
16
Suppose 4*r = 3*o + 17, -2*o - 5 = -o - r. Let a be 2 + o - (-15 - 4). Let d = 33 - -57. What is the highest common divisor of a and d?
18
Let i = 44 - 22. Suppose 123 = -r + 343. What is the greatest common factor of i and r?
22
Let d = -27 - -51. Calculate the greatest common factor of d and 3.
3
Suppose -51 + 5 = -h - 5*w, w - 194 = -3*h. Suppose 3*n + 3 = 6. Let b = 7 - n. What is the highest common divisor of b and h?
6
Let i = 12 + -3. Calculate the greatest common factor of 6 and i.
3
Suppose q = z - 0*z + 12, 0 = 4*q + 4*z - 32. What is the highest common factor of 10 and q?
10
Let v(g) = 2*g - 8. Let m be v(6). Suppose 2*y = -x + 116, -m*y + 456 = x + 3*x. Let i be ((-2)/4)/((-2)/56). Calculate the highest common factor of i and x.
14
Let s be (224/(-40))/(1/(-20)). Calculate the greatest common divisor of 14 and s.
14
Suppose -7 = 2*l + 17. Let d be (-3)/(-2)*l/(-6). Calculate the highest common factor of d and 3.
3
Let y = 13 + -28. Let t be 6/y + 417/5. Suppose 0 = 5*j - t + 8. What is the greatest common factor of 120 and j?
15
Let o(g) = -2*g**3 + g**2 - g - 1. Let n be o(-1). Let r = -1 + n. What is the greatest common divisor of 22 and r?
2
Suppose 50 = l - 62. Calculate the greatest common factor of l and 16.
16
Let o(f) = -3*f**3 - 2*f**2 + 2*f. Suppose -2*n = -15 - 1. Let h = n - 10. Let i be o(h). Calculate the highest common divisor of 84 and i.
12
Suppose 2*a - 4*s - 140 = 0, 2*a + 0*s - 135 = 5*s. Calculate the highest common divisor of a and 32.
16
Let q be ((-4)/6)/((-4)/(-6)). Let z be 10/6*(-51)/q. What is the greatest common divisor of 34 and z?
17
Let s be 4/6*(2 - -1). Let n be (-4)/1*(-11)/s. Suppose 2*j - j = n. What is the greatest common divisor of 11 and j?
11
Suppose 3*x = -5*x + 672. What is the greatest common divisor of 12 and x?
12
Suppose 5*n = 249 + 26. Calculate the greatest common divisor of n and 11.
11
Let p be -3*(-4)/((-36)/(-15)). Suppose 0 = 2*t + p*w - 175, 0 = t + t + w - 163. Let o be 678/21 + 4/(-14). Calculate the highest common divisor of o and t.
16
Let s(v) = 2*v**2 + 4*v - 5. Let m be s(-4). Let d be ((-13)/2)/(m/(-22)). Let a be 1*-1*13*-1. What is the greatest common factor of a and d?
13
Let r(f) = -5*f - 13. Let b be r(-7). Calculate the highest common divisor of 198 and b.
22
Let f be 52/14 - (-4)/14. Let c(v) = 0 - 1 - 3*v - 1 + v**2. Let l be c(5). What is the highest common divisor of l and f?
4
Let q(b) = -2*b**2 - 9*b + 5. Let j be q(-7). Let l be (j/9)/((-1)/21). What is the highest common divisor of l and 10?
10
Let q = -12 - -22. What is the greatest common divisor of q and 25?
5
Let y(q) = q**3 + 10*q**2 - 14*q. Let b be y(-9). What is the greatest common factor of 23 and b?
23
Let v = 76 + -5. Let r = v - 32. Let a be 158/6 - 2/6. What is the highest common divisor of a and r?
13
Suppose -10 = -5*l - 0. Suppose -6 = -3*i - 3. Suppose t - i = 17. Calculate the highest common divisor of t and l.
2
Let p = 12 - 8. Let k be (-3*2)/(-1)*p. Calculate the highest common divisor of k and 3.
3
Suppose -3*n = 3*n - 108. Calculate the greatest common divisor of n and 45.
9
Let v be 657/(-4) - (-5)/20. Let n = v - -236. Calculate the highest common factor of 8 and n.
8
Let m be 2 + (2 - -1*82). Let z be 4/((-36)/(-177))*-3. Let x = z + m. What is the highest common factor of x and 18?
9
Suppose 20 = d - 2*i, 2*i - 12 = 6*i. Suppose -5*j + 3*v + 344 = 0, 0 = -3*j - 3*v + 101 + 115. Calculate the highest common factor of j and d.
14
Let a(f) = -1 - 50*f + 30*f + 3. Suppose -j + 3*m - 8 = 5*m, 2*j + 5*m + 19 = 0. Let x be a(j). What is the highest common divisor of x and 105?
21
Suppose -4*i - q - 20 = 0, i - 2*i + 2 = 2*q. Let a(u) = u**2 - 3*u - 9. Let d be a(i). Calculate the highest common divisor of 15 and d.
15
Suppose 0 = 4*m - 37 - 11. Let k be (-9*60)/(-5) - (-2 + 2). Calculate the highest common factor of k and m.
12
Let p(i) = -i**3 + 6*i**2 + 6*i + 16. Let y be p(6). Let m(k) = -k**3 - 4*k**2 + k - 7. Let v be m(-5). What is the highest common divisor of v and y?
13
Let a(v) = -10*v + 5. Let n be a(-4). Suppose 0*r = -r + 20. Suppose x = -2*c + r, 4*x + c - 72 = 43. What is the highest common divisor of x and n?
15
Suppose 3*p - 5*n = 14 - 3, 4*p - 26 = n. What is the highest common factor of p and 63?
7
Let w(b) = b**3 - 7*b**2 + 7*b - 7. Let z be w(7). What is the highest common factor of z and 14?
14
Let n(o) = -o**2 + 7*o - 2. Let t be 46/8 + 9/(-12). Let g be n(t). Calculate the highest common factor of 24 and g.
8
Let w = 5 - -193. What is the highest common divisor of w and 18?
18
Suppose 5*p - 337 = 2*h, 3*h = 15 - 3. What is the greatest common factor of 23 and p?
23
Let j be (-736)/24*(-6)/4. What is the greatest common divisor of 115 and